{"id":58,"date":"2020-07-19T07:07:56","date_gmt":"2020-07-19T07:07:56","guid":{"rendered":"https:\/\/www.izavet.pl\/?page_id=58"},"modified":"2025-11-20T16:44:10","modified_gmt":"2025-11-20T16:44:10","slug":"o-nas","status":"publish","type":"page","link":"https:\/\/www.izavet.pl\/?page_id=58","title":{"rendered":"O NAS"},"content":{"rendered":"<p>[vc_section][vc_row][vc_column]<div  class=\"wpb_content_element   clearfix\"><style type=\"text\/css\">#ut_am_6a01f8037d81f { opacity: 1; }#ut_am_wrap_6a01f8037d820 .ut-image-gallery-item-caption-title h3 { letter-spacing: 0em; }#ut_am_wrap_6a01f8037d820 .ut-gallery-slider-caption { font-weight: bold; }#ut_am_wrap_6a01f8037d820 { text-align: center; }@media (min-width: 768px) and (max-width: 1024px) { #ut_am_wrap_6a01f8037d820 { text-align: center !important; } }@media (max-width: 767px) { #ut_am_wrap_6a01f8037d820 { text-align: center !important; } }<\/style><div id=\"ut_am_wrap_6a01f8037d820\" class=\"ut-image-gallery-image \"><div id=\"ut_reveal_6a01f8037d822\"  data-appear-top-offset=\"auto\" class=\"ut-animated-image-item ut-image-gallery-item ut-animation-done \"><a class=\"ut-deactivated-link\" href=\"#\"><div class=\"ut-animated-image-zoom\"><img loading=\"lazy\" decoding=\"async\" class=\"ut-lazy skip-lazy ut-animated-image \"  id=\"ut_am_6a01f8037d81f\" src=\"data:image\/svg+xml;charset=utf-8,%3Csvg xmlns%3D'http%3A%2F%2Fwww.w3.org%2F2000%2Fsvg' viewBox%3D'0 0 1179 462'%2F%3E\" data-src=\"https:\/\/www.izavet.pl\/wp-content\/uploads\/2020\/07\/header-us-mri-vet.jpg\" width=\"1179\" height=\"462\" alt=\"\"\/><\/div><\/a><\/div><\/div><\/div>[\/vc_column][\/vc_row][vc_row][vc_column][vc_column_text]<\/p>\n<h1 style=\"text-align: justify;\">Przychodnia weterynaryjna<\/h1>\n<h2 style=\"text-align: justify;\">1. Cel dzia\u0142alno\u015bci<\/h2>\n<p style=\"text-align: justify;\">Naszym najwa\u017cniejszym zadaniem jest dbanie o\u00a0<strong>zdrowie<\/strong>i\u00a0dobre samopoczucie Pa\u0144stwa <strong>zwierz\u0105t<\/strong>.<\/p>\n<p style=\"text-align: justify;\">Przychodnia IZAVET rozpocz\u0119\u0142a swoj\u0105 dzia\u0142alno\u015b\u0107 w 2005 r. Do dnia dzisiejszego dzi\u0119ki motywacji i wytrwa\u0142o\u015bci w\u0142a\u015bciciela firma cieszy si\u0119 doskona\u0142\u0105 opini\u0105, czego dowodem jest stale rosn\u0105ca liczba klient\u00f3w. Do\u015bwiadczenie za\u0142ogi oraz troskliwe ( \u017cyczliwe) podej\u015bcie do ka\u017cdego pacjenta zyska\u0142o du\u017ce uznanie w\u015br\u00f3d klient\u00f3w. Specyficzne poczucie humoru w\u0142a\u015bciciela i swobodny spos\u00f3b bycia pracownik\u00f3w tworz\u0105 przyjazn\u0105 atmosfer\u0119 w przychodni co przydaje si\u0119 g\u0142\u00f3wnie w stresuj\u0105cych sytuacjach.<\/p>\n<h2 style=\"text-align: justify;\">2. Wyposa\u017cenie<\/h2>\n<p style=\"text-align: justify;\">Powierzchnia u\u017cytkowa przychodni wynosi 150 m2, zosta\u0142a ona podzielona na kilka pomieszcze\u0144: poczekalni\u0119, ambulatorium, w kt\u00f3rym przyjmowani s\u0105 nasi pacjenci, sal\u0119 operacyjn\u0105, pracowani\u0119 diagnostyczn\u0105 i obrazow\u0105 ( RTG, USG, EKG) oraz laboratorium.<\/p>\n<h3 style=\"text-align: justify;\">Sala operacyjna<\/h3>\n<p style=\"text-align: justify;\" data-source-line=\"5-5\">Wyposa\u017cenie sali operacyjnej pozwala na bezpieczne przeprowadzanie zabieg\u00f3w, nierzadko ratuj\u0105cych \u017cycie pacjent\u00f3w. Dzi\u0119ki wykorzystaniu r\u00f3\u017cnych rodzaj\u00f3w narkozy, tj. znieczulenia infuzyjnego z wykorzystaniem pompy strzykawkowej oraz wziewnego, mamy mo\u017cliwo\u015b\u0107 doboru narkozy do pacjenta i minimalizacj\u0119 ryzyka, jakie niesie ze sob\u0105 znieczulenie og\u00f3lne. Obecno\u015b\u0107 kardiomonitora pozwala na dok\u0142adniejsz\u0105 kontrol\u0119 \u015br\u00f3doperacyjn\u0105. Posiadamy specjalistyczne narz\u0119dzia pomagaj\u0105ce w skomplikowanych zabiegach, a autoklaw umo\u017cliwia zachowanie czysto\u015bci chirurgicznej, kt\u00f3ra jest jednym z najistotniejszych element\u00f3w w chirurgii. Zar\u00f3wno w trakcie prostego, jak i bardziej skomplikowanego zabiegu przy stole operacyjnym znajduj\u0105 si\u0119 chirurg, asystent, a tak\u017ce anestezjolog zajmuj\u0105cy si\u0119 indukcj\u0105 znieczulenia oraz opiek\u0105 \u015br\u00f3doperacyjn\u0105.<\/p>\n<h3 style=\"text-align: justify;\">Pracownia diagnostyki obrazowej<\/h3>\n<p style=\"text-align: justify;\">Pracownia diagnostyki obrazowej jest bardzo istotnym elementem w codziennej pracy naszych lekarzy, poniewa\u017c cz\u0119sto pozwala na postawienie trafnej i precyzyjnej diagnozy. Mamy do dyspozycji aparat rentgenowski umo\u017cliwiaj\u0105cy wykonanie zdj\u0119cia RTG i ocen\u0119 m.in. uk\u0142adu kostnego, obecno\u015bci cia\u0142a obcego czy powi\u0119kszenia sylwetki serca. Posiadamy tak\u017ce aparat USG (ultrasonograf) umo\u017cliwiaj\u0105cy ocen\u0119 pracy narz\u0105d\u00f3w w czasie rzeczywistym. Pracownia wyposa\u017cona jest r\u00f3wnie\u017c w elektrokardiograf pomocny w ocenie pracy serca oraz endoskop pozwalaj\u0105cy na diagnostyk\u0119 przewodu pokarmowego i dr\u00f3g oddechowych.<\/p>\n<h3 style=\"text-align: justify;\">Laboratorium<\/h3>\n<p style=\"text-align: justify;\">Wyniki bada\u0144 laboratoryjnych s\u0105 bardzo cz\u0119sto uzupe\u0142nieniem przeprowadzanej diagnostyki. Umo\u017cliwia ono zbadanie pobranej od pacjenta krwi , wykonanie bada\u0144 morfologicznych (18 parametr\u00f3w) i biochemicznych. Wykonujemy tak\u017ce badanie moczu zar\u00f3wno komputerowe jak i mikroskopowe osadu. W laboratorium przychodni mo\u017cliwe jest badanie cytologiczne pobranego materia\u0142u, a tak\u017ce \u015br\u00f3doperacyjna ocena wycink\u00f3w pochodz\u0105cych ze zmian. Pobieramy wymazy i pop\u0142uczyny, nast\u0119pnie wykonujemy badanie bakteriologiczne, mykologiczne oraz antybiogram.<\/p>\n<p>[\/vc_column_text][\/vc_column][\/vc_row][\/vc_section]<\/p>\n","protected":false},"excerpt":{"rendered":"<p>[vc_section][vc_row][vc_column][\/vc_column][\/vc_row][vc_row][vc_column][vc_column_text] Przychodnia weterynaryjna 1. Cel dzia\u0142alno\u015bci Naszym najwa\u017cniejszym zadaniem jest dbanie o\u00a0zdrowiei\u00a0dobre samopoczucie Pa\u0144stwa zwierz\u0105t. Przychodnia IZAVET rozpocz\u0119\u0142a swoj\u0105 dzia\u0142alno\u015b\u0107 w 2005 r. Do dnia dzisiejszego dzi\u0119ki motywacji i wytrwa\u0142o\u015bci w\u0142a\u015bciciela firma cieszy si\u0119 doskona\u0142\u0105 opini\u0105, czego dowodem jest stale rosn\u0105ca liczba klient\u00f3w. Do\u015bwiadczenie za\u0142ogi oraz troskliwe ( \u017cyczliwe) podej\u015bcie do ka\u017cdego pacjenta zyska\u0142o du\u017ce [&hellip;]<\/p>\n","protected":false},"author":1,"featured_media":0,"parent":0,"menu_order":0,"comment_status":"closed","ping_status":"closed","template":"","meta":{"footnotes":""},"class_list":["post-58","page","type-page","status-publish","hentry"],"_links":{"self":[{"href":"https:\/\/www.izavet.pl\/index.php?rest_route=\/wp\/v2\/pages\/58","targetHints":{"allow":["GET"]}}],"collection":[{"href":"https:\/\/www.izavet.pl\/index.php?rest_route=\/wp\/v2\/pages"}],"about":[{"href":"https:\/\/www.izavet.pl\/index.php?rest_route=\/wp\/v2\/types\/page"}],"author":[{"embeddable":true,"href":"https:\/\/www.izavet.pl\/index.php?rest_route=\/wp\/v2\/users\/1"}],"replies":[{"embeddable":true,"href":"https:\/\/www.izavet.pl\/index.php?rest_route=%2Fwp%2Fv2%2Fcomments&post=58"}],"version-history":[{"count":5,"href":"https:\/\/www.izavet.pl\/index.php?rest_route=\/wp\/v2\/pages\/58\/revisions"}],"predecessor-version":[{"id":140,"href":"https:\/\/www.izavet.pl\/index.php?rest_route=\/wp\/v2\/pages\/58\/revisions\/140"}],"wp:attachment":[{"href":"https:\/\/www.izavet.pl\/index.php?rest_route=%2Fwp%2Fv2%2Fmedia&parent=58"}],"curies":[{"name":"wp","href":"https:\/\/api.w.org\/{rel}","templated":true}]}}